{"id":6233,"date":"2021-10-26T01:42:31","date_gmt":"2021-10-26T01:42:31","guid":{"rendered":"https:\/\/www.born-product.com\/?page_id=6233"},"modified":"2021-10-26T01:51:17","modified_gmt":"2021-10-26T01:51:17","slug":"pagina-paseo","status":"publish","type":"page","link":"https:\/\/www.born-product.com\/index.php\/pagina-paseo\/","title":{"rendered":"Pagina Paseo"},"content":{"rendered":"<div class=\"wpb-content-wrapper\">[vc_section][vc_row][vc_column width=\u00bb1\/4&#8243;][vc_single_image image=\u00bb6234&#8243; img_size=\u00bbmedium\u00bb style=\u00bbvc_box_shadow_border\u00bb][\/vc_column][vc_column width=\u00bb3\/4&#8243;]<div class=\"shortcode-wrapper shortcode-title clearfix hb-animate-element hb-fade-in\" data-delay=\"300\"><p style=\"color:#6ac0d0!important;border-color:#6ac0d0\" class=\"hb-text-large \">PASEO<\/p><\/div>[vc_column_text css=\u00bb.vc_custom_1635213073412{margin-top: 20px !important;}\u00bb]Un viaje c\u00f3modo y seguro har\u00e1 que tu beb\u00e9 sea muy feliz.\u00a0Con B\u00d6RN podr\u00e1s llevar a tu beb\u00e9 a donde quieras y disfrutar juntos de momentos incre\u00edbles.[\/vc_column_text][\/vc_column][\/vc_row][vc_row][vc_column]<div class=\"woocommerce columns-4 \"><\/div>[\/vc_column][\/vc_row][\/vc_section]\n<\/div>","protected":false},"excerpt":{"rendered":"<p>[vc_section][vc_row][vc_column width=\u00bb1\/4&#8243;][vc_single_image image=\u00bb6234&#8243; img_size=\u00bbmedium\u00bb style=\u00bbvc_box_shadow_border\u00bb][\/vc_column][vc_column width=\u00bb3\/4&#8243;][vc_column_text css=\u00bb.vc_custom_1635213073412{margin-top: 20px !important;}\u00bb]Un viaje c\u00f3modo y seguro har\u00e1 que tu beb\u00e9 sea muy feliz.\u00a0Con [&hellip;]<\/p>\n","protected":false},"author":1,"featured_media":0,"parent":0,"menu_order":0,"comment_status":"closed","ping_status":"closed","template":"","meta":{"footnotes":""},"class_list":["post-6233","page","type-page","status-publish","hentry"],"_links":{"self":[{"href":"https:\/\/www.born-product.com\/index.php\/wp-json\/wp\/v2\/pages\/6233","targetHints":{"allow":["GET"]}}],"collection":[{"href":"https:\/\/www.born-product.com\/index.php\/wp-json\/wp\/v2\/pages"}],"about":[{"href":"https:\/\/www.born-product.com\/index.php\/wp-json\/wp\/v2\/types\/page"}],"author":[{"embeddable":true,"href":"https:\/\/www.born-product.com\/index.php\/wp-json\/wp\/v2\/users\/1"}],"replies":[{"embeddable":true,"href":"https:\/\/www.born-product.com\/index.php\/wp-json\/wp\/v2\/comments?post=6233"}],"version-history":[{"count":7,"href":"https:\/\/www.born-product.com\/index.php\/wp-json\/wp\/v2\/pages\/6233\/revisions"}],"predecessor-version":[{"id":6246,"href":"https:\/\/www.born-product.com\/index.php\/wp-json\/wp\/v2\/pages\/6233\/revisions\/6246"}],"wp:attachment":[{"href":"https:\/\/www.born-product.com\/index.php\/wp-json\/wp\/v2\/media?parent=6233"}],"curies":[{"name":"wp","href":"https:\/\/api.w.org\/{rel}","templated":true}]}}