{"id":6251,"date":"2021-10-26T01:58:19","date_gmt":"2021-10-26T01:58:19","guid":{"rendered":"https:\/\/www.born-product.com\/?page_id=6251"},"modified":"2021-10-26T01:58:19","modified_gmt":"2021-10-26T01:58:19","slug":"pagina-estimulacion","status":"publish","type":"page","link":"https:\/\/www.born-product.com\/index.php\/pagina-estimulacion\/","title":{"rendered":"Pagina Estimulaci\u00f3n"},"content":{"rendered":"<div class=\"wpb-content-wrapper\">[vc_section][vc_row][vc_column width=\u00bb1\/4&#8243;][vc_single_image image=\u00bb6239&#8243; img_size=\u00bbmedium\u00bb style=\u00bbvc_box_shadow_border\u00bb][\/vc_column][vc_column width=\u00bb3\/4&#8243;]<div class=\"shortcode-wrapper shortcode-title clearfix hb-animate-element hb-fade-in\" data-delay=\"300\"><p style=\"color:#6ac0d0!important;border-color:#6ac0d0\" class=\"hb-text-large \">ESTIMULACI\u00d3N<\/p><\/div>[vc_column_text css=\u00bb.vc_custom_1635213481433{margin-top: 20px !important;}\u00bb]Encuentra un momento\u00a0 para jugar y descansar, es muy importante para el bienestar de tu beb\u00e9.\u00a0B\u00d6RN tiene una gran cantidad de productos que les permitir\u00e1n sentirse c\u00f3modos, relajados y seguros d\u00eda y noche.[\/vc_column_text][\/vc_column][\/vc_row][vc_row][vc_column]<div class=\"woocommerce columns-4 \"><\/div>[\/vc_column][\/vc_row][\/vc_section]\n<\/div>","protected":false},"excerpt":{"rendered":"<p>[vc_section][vc_row][vc_column width=\u00bb1\/4&#8243;][vc_single_image image=\u00bb6239&#8243; img_size=\u00bbmedium\u00bb style=\u00bbvc_box_shadow_border\u00bb][\/vc_column][vc_column width=\u00bb3\/4&#8243;][vc_column_text css=\u00bb.vc_custom_1635213481433{margin-top: 20px !important;}\u00bb]Encuentra un momento\u00a0 para jugar y descansar, es muy importante para el [&hellip;]<\/p>\n","protected":false},"author":1,"featured_media":0,"parent":0,"menu_order":0,"comment_status":"closed","ping_status":"closed","template":"","meta":{"footnotes":""},"class_list":["post-6251","page","type-page","status-publish","hentry"],"_links":{"self":[{"href":"https:\/\/www.born-product.com\/index.php\/wp-json\/wp\/v2\/pages\/6251","targetHints":{"allow":["GET"]}}],"collection":[{"href":"https:\/\/www.born-product.com\/index.php\/wp-json\/wp\/v2\/pages"}],"about":[{"href":"https:\/\/www.born-product.com\/index.php\/wp-json\/wp\/v2\/types\/page"}],"author":[{"embeddable":true,"href":"https:\/\/www.born-product.com\/index.php\/wp-json\/wp\/v2\/users\/1"}],"replies":[{"embeddable":true,"href":"https:\/\/www.born-product.com\/index.php\/wp-json\/wp\/v2\/comments?post=6251"}],"version-history":[{"count":1,"href":"https:\/\/www.born-product.com\/index.php\/wp-json\/wp\/v2\/pages\/6251\/revisions"}],"predecessor-version":[{"id":6252,"href":"https:\/\/www.born-product.com\/index.php\/wp-json\/wp\/v2\/pages\/6251\/revisions\/6252"}],"wp:attachment":[{"href":"https:\/\/www.born-product.com\/index.php\/wp-json\/wp\/v2\/media?parent=6251"}],"curies":[{"name":"wp","href":"https:\/\/api.w.org\/{rel}","templated":true}]}}