{"id":6253,"date":"2021-10-26T02:00:14","date_gmt":"2021-10-26T02:00:14","guid":{"rendered":"https:\/\/www.born-product.com\/?page_id=6253"},"modified":"2021-10-26T02:00:14","modified_gmt":"2021-10-26T02:00:14","slug":"pagina-bano-y-cuidado","status":"publish","type":"page","link":"https:\/\/www.born-product.com\/index.php\/pagina-bano-y-cuidado\/","title":{"rendered":"Pagina Ba\u00f1o y Cuidado"},"content":{"rendered":"<div class=\"wpb-content-wrapper\">[vc_section][vc_row][vc_column width=\u00bb1\/4&#8243;][vc_single_image image=\u00bb6237&#8243; img_size=\u00bbmedium\u00bb style=\u00bbvc_box_shadow_border\u00bb][\/vc_column][vc_column width=\u00bb3\/4&#8243;]<div class=\"shortcode-wrapper shortcode-title clearfix hb-animate-element hb-fade-in\" data-delay=\"300\"><p style=\"color:#6ac0d0!important;border-color:#6ac0d0\" class=\"hb-text-large \">Ba\u00f1o y Cuidado<\/p><\/div>[vc_column_text css=\u00bb.vc_custom_1635213600352{margin-top: 20px !important;}\u00bb]Ba\u00f1ar a un beb\u00e9 es definitivamente un momento emocional e \u00edntimo entre usted y su peque\u00f1o.\u00a0Por eso B\u00d6RN ofrece los productos m\u00e1s delicados para cuidar bien a tu beb\u00e9.[\/vc_column_text][\/vc_column][\/vc_row][vc_row][vc_column]<div class=\"woocommerce columns-4 \"><\/div>[\/vc_column][\/vc_row][\/vc_section]\n<\/div>","protected":false},"excerpt":{"rendered":"<p>[vc_section][vc_row][vc_column width=\u00bb1\/4&#8243;][vc_single_image image=\u00bb6237&#8243; img_size=\u00bbmedium\u00bb style=\u00bbvc_box_shadow_border\u00bb][\/vc_column][vc_column width=\u00bb3\/4&#8243;][vc_column_text css=\u00bb.vc_custom_1635213600352{margin-top: 20px !important;}\u00bb]Ba\u00f1ar a un beb\u00e9 es definitivamente un momento emocional e \u00edntimo entre [&hellip;]<\/p>\n","protected":false},"author":1,"featured_media":0,"parent":0,"menu_order":0,"comment_status":"closed","ping_status":"closed","template":"","meta":{"footnotes":""},"class_list":["post-6253","page","type-page","status-publish","hentry"],"_links":{"self":[{"href":"https:\/\/www.born-product.com\/index.php\/wp-json\/wp\/v2\/pages\/6253","targetHints":{"allow":["GET"]}}],"collection":[{"href":"https:\/\/www.born-product.com\/index.php\/wp-json\/wp\/v2\/pages"}],"about":[{"href":"https:\/\/www.born-product.com\/index.php\/wp-json\/wp\/v2\/types\/page"}],"author":[{"embeddable":true,"href":"https:\/\/www.born-product.com\/index.php\/wp-json\/wp\/v2\/users\/1"}],"replies":[{"embeddable":true,"href":"https:\/\/www.born-product.com\/index.php\/wp-json\/wp\/v2\/comments?post=6253"}],"version-history":[{"count":1,"href":"https:\/\/www.born-product.com\/index.php\/wp-json\/wp\/v2\/pages\/6253\/revisions"}],"predecessor-version":[{"id":6254,"href":"https:\/\/www.born-product.com\/index.php\/wp-json\/wp\/v2\/pages\/6253\/revisions\/6254"}],"wp:attachment":[{"href":"https:\/\/www.born-product.com\/index.php\/wp-json\/wp\/v2\/media?parent=6253"}],"curies":[{"name":"wp","href":"https:\/\/api.w.org\/{rel}","templated":true}]}}